t is the units digit of b?
7
Let b(u) = 10*u**3 - u**2 + u + 3. Let o be b(2). Let c(y) = -47*y**2 - y. Let f be c(-1). Let g = f + o. What is the tens digit of g?
3
Let l(r) = -6*r**2 + 2*r + 332. What is the hundreds digit of l(0)?
3
Let i be (34/34)/(1 - 2). Let u(c) = -c**3 - 2*c**2 + c + 2. Let r be u(-3). What is the units digit of (i + -31)/(-10 + r)?
6
Let w = 4 + 10. Let c = 8 - w. Let v(x) = x**3 + 6*x**2 - 2*x + 7. What is the units digit of v(c)?
9
Let p = 11 + -6. Suppose 141 = 2*n + p*x, -5*n - 4*x = -3*n - 144. What is the tens digit of 12/n + (-438)/(-26)?
1
Let l = 1964 + 1383. What is the thousands digit of l?
3
Let t = -6 + 4. Let g(a) = -10*a**3 - a - 1. What is the units digit of g(t)?
1
Let p(g) = -13*g**2 - 8*g - 1. Let u(r) = -r**2 - r. Let q(c) = -p(c) + 6*u(c). Let w = 36 - 34. What is the tens digit of q(w)?
3
What is the tens digit of (-12987)/(-468)*352/6?
2
Let y(b) = -3*b**2 + b + 2. Let p be y(-3). What is the units digit of (p/(-6))/((-24)/(-468))?
1
Let x(c) = c**3 + 4*c**2 - c + 1. Let p be x(-4). Suppose -67 = -n - p*d, -3*d - 2*d = -2*n + 119. Suppose -r + n = r. What is the units digit of r?
1
Let o = 55 - 39. Let r = 42 - o. What is the units digit of r?
6
Let m(p) = 16*p + 12*p + 9 - 31*p. Let g be m(8). Let z = g - -28. What is the tens digit of z?
1
Let u(i) = i**2 + 12*i - 9. Let r be u(-13). What is the hundreds digit of (-3 + 1)/(r/(-522))?
2
Suppose 3*q - 52 = q. Let o = q + -9. Suppose -3*t = -19 - o. What is the units digit of t?
2
Suppose -s + w = 0, -s - 5*w + 11 = -1. Suppose -r + 5*r + 2*n - 208 = 0, 0 = -s*n. Let z = 121 - r. What is the tens digit of z?
6
Let w = -36 - -26. Let f be (w/6)/(4/(-12)). Suppose -f*o = 3*u - 113, 3*u = -4*o - 2*u + 93. What is the units digit of o?
2
What is the tens digit of -12 + (-12)/((-24)/10054)?
1
What is the tens digit of 35451/63 - (-8)/28?
6
Let k(f) = f - 1. Let d(v) = 6*v - 19. Let q(b) = 6*b - 19. Let i(u) = -6*d(u) + 5*q(u). Let h(y) = -i(y) - 4*k(y). What is the units digit of h(10)?
5
Let f(l) = 72*l**2 + 13*l + 48. Let s be f(-4). Suppose -3*w + 716 = -6*k + k, 0 = 5*w + 3*k - s. What is the units digit of w?
2
Suppose -5*r - 3*j = -726 - 134, 2*r - 3*j - 365 = 0. What is the hundreds digit of r?
1
Let q(y) = -10*y + 6. Let a be -3*((-160)/12)/(-5). What is the tens digit of q(a)?
8
What is the tens digit of 3/(-8) + 41055/40?
2
Let a be (4/14)/(3/21). Suppose -a*p + 21 = 4*g - 3*p, g - 29 = 5*p. Suppose -g*l - 3*v + 147 = 0, 5*v = -2*l - 48 + 139. What is the tens digit of l?
3
Suppose 3*x = -4*z + 4 + 3, -4*z = -x - 3. What is the units digit of -2 + x + 61 - -2?
2
Let l(k) = 31*k**2 + 3*k - 2. Let b be (3/9)/(1/(-3)). Let n = 2 + b. What is the tens digit of l(n)?
3
Let f(h) = h**3 + 8*h**2 - 9*h + 10. Let j be f(-9). Suppose -5*s + 5*a = j, s + 4*a = 6*s + 8. Suppose 27 = 3*z - s*z. What is the units digit of z?
9
Let q(u) = 4*u + 19. Let j be ((-2)/(-4))/(2/36). What is the units digit of q(j)?
5
Let x(u) = u**3 + u**2 - u + 1. Let h(r) = -2*r**3 + 5*r**2 - 7*r + 2. Let q(b) = -h(b) - 3*x(b). Let p be q(-9). Let f = 5 - p. What is the tens digit of f?
1
Let y(f) = 12*f**2 + 3*f - 4. Suppose l - 18 = -4*w, 4*l + 3*w - 2*w - 12 = 0. What is the units digit of y(l)?
0
Let y = 52 - 26. Let b = y - 41. Let g = b + 30. What is the tens digit of g?
1
Let r(u) = 14*u**2. Let p be r(-1). Let w = p - 11. Suppose 0 = w*f - 9 - 54. What is the units digit of f?
1
Let r = 840 - 11. What is the units digit of r?
9
Suppose v + 3*z = 685, -4*v + 5*v + 5*z - 679 = 0. What is the hundreds digit of v?
6
Let z be (-2668)/(-16) - (13/(-4) + 3). Suppose -7*d = -z - 407. What is the tens digit of d?
8
What is the units digit of 496/(-9 + 3 - -7)?
6
Suppose -17161 = -19*k + 10237. What is the tens digit of k?
4
Let x = 10624 + -4658. What is the hundreds digit of x?
9
Let z(i) = -8*i + 1. Let t be z(3). Let w = t + 33. Suppose -w*r = -11*r + 26. What is the tens digit of r?
2
Let c = -24 + 26. Suppose -5*o = -c*r - 194, 2*o + 5*r - r - 92 = 0. What is the tens digit of o?
4
Let d(l) be the second derivative of 0 - 1/20*l**5 + 1/2*l**3 - 5*l + 5/12*l**4 - l**2. What is the tens digit of d(4)?
2
Let x be 454/8 + 4/16. Let w = x - -5. What is the tens digit of w?
6
Let h = 18 + -1. Let w = 27 - h. What is the units digit of w?
0
Let j(l) be the first derivative of l**4/4 - l**3/3 + 5*l + 1. Let z = -179 + 179. What is the units digit of j(z)?
5
Let b(j) be the first derivative of 1/3*j**3 + 11 + 10*j - 3*j**2. What is the units digit of b(5)?
5
Let l = 19 + -15. What is the tens digit of 1/(l*4/608)?
3
Let b(w) = -6*w - 1. Suppose -4*u + t + 72 = 0, 2*u - 5*u + 54 = -t. Let l be (2/(-3))/(12/u). What is the units digit of b(l)?
5
Suppose 3*w + 51 = 213. Let b be (-4)/18 - (-12)/w. Suppose 5*n + 2*j - 13 = b, -3*n - 4*j + 6 - 1 = 0. What is the units digit of n?
3
Suppose 5*l + 2*j - 223 = 0, 137 = 4*l - j - 44. Let y = -5 + l. What is the units digit of y?
0
Let d(a) = a**3 - 14*a**2 - 6*a - 65. What is the tens digit of d(15)?
7
Let k = 8 - 0. Suppose -2*m - k = 2. What is the tens digit of m/((-5)/(-4))*-3?
1
Let u be 9/(-6)*44/6. Let x(w) = -2*w**3 + 4*w**2 - 3*w + 2. Let j be x(2). Let d = j - u. What is the units digit of d?
7
Suppose 4*q + 2*i = 18136, 46*i - 44*i + 18136 = 4*q. What is the tens digit of q?
3
Let w be 0 - (-3 + 1) - -2. Suppose 5*s - 3 = -w*y - 0*s, -4*y + 5*s + 13 = 0. Suppose -y*g = c - 36, -93 = -5*g - 4*c - 0*c. What is the units digit of g?
7
Let b be 12/32 - 2010/(-16). Suppose o - 374 = -b. What is the hundreds digit of o?
2
Suppose 71 = 5*l - d, 4*d - 39 = -4*l + 13. Let z(p) = l - 5*p + 9 + 4*p + 1. What is the tens digit of z(12)?
1
Let q = 3474 + -2328. What is the hundreds digit of q?
1
What is the thousands digit of (-4)/1*(-8)/(192/20262)?
3
Let v = 1 - -3. Let u be 1 + 2 + (-1 - -25). What is the tens digit of 453/u + v/18?
1
Suppose 76493 = 42*s - 106249. What is the hundreds digit of s?
3
Suppose 0 = u - 4 - 1. Suppose 3*d - 9 = -2*z + 10, u = z. Suppose s - 16 = -d*s. What is the units digit of s?
4
Let l(n) = -n**3 + n**2 + 6*n - 5. Let k be l(2). Suppose -4*j + 961 = -0*j - 3*w, k*j - 757 = -5*w. What is the hundreds digit of j?
2
Let a(p) = -p + 21. Let w be a(19). Suppose -2*i + i = 5*f - 33, -4*i + w*f + 44 = 0. What is the units digit of i?
3
Suppose 3*a - 3 = 2*h - 3*h, h = -5*a + 5. What is the hundreds digit of 90 + 21 + a + -2 + -1?
1
Let k = -40 - -41. Suppose -l - 4*l + 35 = 0. Suppose -k = -i + l. What is the units digit of i?
8
What is the tens digit of (-3)/(-13) - 1062072/(-572)?
5
Suppose 2*q - 4888 = -5*s, -q + 4*q = 4*s - 3892. What is the tens digit of s?
7
Let v(m) = -m**3 - 20*m**2 + 42*m - 26. What is the units digit of v(-22)?
8
What is the units digit of -7 - -19 - 3 - -142?
1
Let p(j) = 1 - 41*j - 3 + 15*j - 61*j. Let w be p(-1). Suppose 4*x + 28 = 2*m + 2*x, 5*m - w = 2*x. What is the tens digit of m?
1
Let n be -2 + 0 + -1 + 7. Suppose 16 + n = 5*u. Suppose -k = u*k - 30. What is the units digit of k?
6
Let x(t) = -t**3 - 12*t**2 + 13*t + 6. Let v be x(-13). Suppose d = v*d. Suppose 0 = -5*j - d*j + 130. What is the tens digit of j?
2
Suppose 0 = 2*b - 3*n - 319 + 38, 3*n - 145 = -b. Suppose -b = 2*u - 4*u. What is the tens digit of u?
7
Suppose -d - 2372 = -3*d - 2*w, 25 = -5*w. What is the hundreds digit of d?
1
Suppose -5*a = -7*t + 6*t + 2494, 7562 = 3*t + 5*a. What is the units digit of t?
4
Suppose -u - 3*i = -4*i - 86, 4*i + 170 = 2*u. What is the units digit of u?
7
Suppose -28*r = -12*r - 75888. What is the tens digit of r?
4
Suppose -108 = -3*o + 6*o. What is the tens digit of o/2*(-8 + -2)?
8
Suppose -3*p = 4*d + 390, 3*d = 2*p - 0*p + 277. Let f = -83 - p. What is the units digit of f?
1
Let g(c) = 14*c**2 - 38. Let t(s) = 5*s**2 - 13. Let j(f) = 4*g(f) - 11*t(f). What is the units digit of j(-10)?
1
Let z(p) = 176*p**3 - p**2 + 1. Let q be z(1). Let k = 250 - q. What is the units digit of k?
4
Suppose 10*f + 5 = 9*f, f = -4*s + 12547. What is the hundreds digit of s?
1
Let h(m) = 4*m**3 + 20*m**2 + 13*m - 35. Let r(i) = 3*i**3 + 19*i**2 + 12*i - 34. Let z(x) = 4*h(x) - 5*r(x). What is the hundreds digit of z(16)?
1
What is the units digit of ((-332)/7)/(((-44)/14)/11)?
6
What is th